{"id":2471,"date":"2025-10-01T15:12:08","date_gmt":"2025-10-01T13:12:08","guid":{"rendered":"http:\/\/localhost:8888\/wordpress\/?page_id=2471"},"modified":"2025-10-20T11:57:34","modified_gmt":"2025-10-20T09:57:34","slug":"mitgliedsbeitraege","status":"publish","type":"page","link":"https:\/\/karate-zentrum-pforzheim.de\/index.php\/mitgliedsbeitraege\/","title":{"rendered":"Mitgliedsbeitr\u00e4ge"},"content":{"rendered":"<div class=\"wpb-content-wrapper\"><p>[vc_row][vc_column icons_position=&#8220;left&#8220;][vc_column_text css=&#8220;&#8220;]<\/p>\n<h3>Mitglied werden \u2013<br \/>\ndein Weg beginnt hier<\/h3>\n<p>Karate ist nicht nur ein Sport, sondern ein Weg \u2013 und wir freuen uns, dich dabei zu begleiten.<br data-start=\"326\" data-end=\"329\" \/>Damit du wei\u00dft, was auf dich zukommt, findest du hier eine \u00dcbersicht \u00fcber unsere Beitragsstruktur:<\/p>\n<h5 data-start=\"1728\" data-end=\"1755\"><strong data-start=\"1735\" data-end=\"1755\">WERTE, DIE BLEIBEN!<\/strong><\/h5>\n<p data-start=\"1757\" data-end=\"1790\">In deinem Beitrag enthalten sind:<\/p>\n<ul data-start=\"1791\" data-end=\"1983\">\n<li data-start=\"1791\" data-end=\"1859\">\n<p data-start=\"1793\" data-end=\"1859\">\u00a0Regelm\u00e4\u00dfiges und anspruchvolles Training durch erfahrene Trainer<\/p>\n<\/li>\n<li data-start=\"1910\" data-end=\"1983\">\n<p data-start=\"1912\" data-end=\"1983\">Gemeinschaft, Wertevermittlung und ein starker Weg f\u00fcr K\u00f6rper &amp; Geist<\/p>\n<\/li>\n<\/ul>\n<p>[\/vc_column_text][\/vc_column][\/vc_row][vc_row][vc_column][vc_column_text css=&#8220;&#8220;]<\/p>\n<h6 data-start=\"438\" data-end=\"477\"><strong data-start=\"445\" data-end=\"477\">Monatliche Mitgliedsbeitr\u00e4ge<\/strong><\/h6>\n<div class=\"_tableContainer_80l1q_1\">\n<div class=\"_tableWrapper_80l1q_14 group flex w-fit flex-col-reverse\" tabindex=\"-1\">\n<table class=\"w-fit min-w-(--thread-content-width)\" data-start=\"479\" data-end=\"910\">\n<thead data-start=\"479\" data-end=\"561\">\n<tr data-start=\"479\" data-end=\"561\">\n<th data-start=\"479\" data-end=\"520\" data-col-size=\"md\">Gruppe<\/th>\n<th data-start=\"520\" data-end=\"538\" data-col-size=\"sm\">Beitrag regul\u00e4r<\/th>\n<th data-start=\"538\" data-end=\"561\" data-col-size=\"sm\">Erm\u00e4\u00dfigter Beitrag*<\/th>\n<\/tr>\n<\/thead>\n<tbody data-start=\"647\" data-end=\"910\">\n<tr data-start=\"647\" data-end=\"731\">\n<td data-start=\"647\" data-end=\"688\" data-col-size=\"md\"><strong data-start=\"649\" data-end=\"663\">Erwachsene<\/strong><\/td>\n<td data-col-size=\"sm\" data-start=\"688\" data-end=\"707\">25\u202f\u20ac<\/td>\n<td data-col-size=\"sm\" data-start=\"707\" data-end=\"731\">23\u202f\u20ac<\/td>\n<\/tr>\n<tr data-start=\"732\" data-end=\"826\">\n<td data-start=\"732\" data-end=\"783\" data-col-size=\"md\"><strong data-start=\"734\" data-end=\"762\">Jugendliche ab 15 Jahren<\/strong>, Sch\u00fcler, Studenten<\/td>\n<td data-col-size=\"sm\" data-start=\"783\" data-end=\"802\">19\u202f\u20ac<\/td>\n<td data-col-size=\"sm\" data-start=\"802\" data-end=\"826\">17\u202f\u20ac<\/td>\n<\/tr>\n<tr data-start=\"827\" data-end=\"910\">\n<td data-start=\"827\" data-end=\"867\" data-col-size=\"md\"><strong data-start=\"829\" data-end=\"852\">Kinder (5\u201314 Jahre)<\/strong><\/td>\n<td data-col-size=\"sm\" data-start=\"867\" data-end=\"886\">13\u202f\u20ac<\/td>\n<td data-col-size=\"sm\" data-start=\"886\" data-end=\"910\">11\u202f\u20ac<\/td>\n<\/tr>\n<\/tbody>\n<\/table>\n<p>* <em data-start=\"915\" data-end=\"990\">z.\u202fB. bei Geschwisterrabatt oder Familienmitgliedschaft \u2013 gerne anfragen!<\/em><\/p>\n<h6 data-start=\"997\" data-end=\"1041\"><strong data-start=\"1004\" data-end=\"1039\"><br \/>\nJ\u00e4hrliche Zusatzbeitr\u00e4ge (DJKB)<\/strong><\/h6>\n<p data-start=\"1042\" data-end=\"1190\">F\u00fcr die Teilnahme an G\u00fcrtelpr\u00fcfungen und offiziellen Veranstaltungen ist eine Mitgliedschaft im<br data-start=\"1137\" data-end=\"1140\" \/><strong data-start=\"1140\" data-end=\"1176\"><a href=\"http:\/\/www.djkb.com\" target=\"_blank\" rel=\"noopener\">Deutschen JKA-Karate Bund<\/a> (DJKB)<\/strong> erforderlich:<\/p>\n<div class=\"_tableContainer_80l1q_1\">\n<div class=\"_tableWrapper_80l1q_14 group flex w-fit flex-col-reverse\" tabindex=\"-1\">\n<table class=\"w-fit min-w-(--thread-content-width)\" data-start=\"1192\" data-end=\"1432\">\n<thead data-start=\"1192\" data-end=\"1251\">\n<tr data-start=\"1192\" data-end=\"1251\">\n<th data-start=\"1192\" data-end=\"1232\" data-col-size=\"sm\">DJKB Jahressichtmarke<\/th>\n<th data-start=\"1232\" data-end=\"1251\" data-col-size=\"sm\">Betrag j\u00e4hrlich<\/th>\n<\/tr>\n<\/thead>\n<tbody data-start=\"1313\" data-end=\"1432\">\n<tr data-start=\"1313\" data-end=\"1372\">\n<td data-start=\"1313\" data-end=\"1352\" data-col-size=\"sm\"><strong data-start=\"1315\" data-end=\"1338\">Kinder bis 14 Jahre<\/strong><\/td>\n<td data-col-size=\"sm\" data-start=\"1352\" data-end=\"1372\">25\u202f\u20ac<\/td>\n<\/tr>\n<tr data-start=\"1373\" data-end=\"1432\">\n<td data-start=\"1373\" data-end=\"1412\" data-col-size=\"sm\"><strong data-start=\"1375\" data-end=\"1409\">Jugendliche &amp; Erwachsene ab 15<\/strong><\/td>\n<td data-col-size=\"sm\" data-start=\"1412\" data-end=\"1432\">30\u202f\u20ac<\/td>\n<\/tr>\n<\/tbody>\n<\/table>\n<h6 data-start=\"1439\" data-end=\"1482\"><strong data-start=\"1446\" data-end=\"1482\"><br \/>\nEinmalige Beitr\u00e4ge beim Eintritt<\/strong><\/h6>\n<div class=\"_tableContainer_80l1q_1\">\n<div class=\"_tableWrapper_80l1q_14 group flex w-fit flex-col-reverse\" tabindex=\"-1\">\n<table class=\"w-fit min-w-(--thread-content-width)\" data-start=\"1484\" data-end=\"1721\">\n<thead data-start=\"1484\" data-end=\"1543\">\n<tr data-start=\"1484\" data-end=\"1543\">\n<th data-start=\"1484\" data-end=\"1524\" data-col-size=\"sm\">Beitrag<\/th>\n<th data-start=\"1524\" data-end=\"1543\" data-col-size=\"sm\">Betrag einmalig<\/th>\n<\/tr>\n<\/thead>\n<tbody data-start=\"1604\" data-end=\"1721\">\n<tr data-start=\"1604\" data-end=\"1662\">\n<td data-start=\"1604\" data-end=\"1642\" data-col-size=\"sm\"><strong data-start=\"1606\" data-end=\"1624\">Aufnahmegeb\u00fchr<\/strong><\/td>\n<td data-col-size=\"sm\" data-start=\"1642\" data-end=\"1662\">25\u202f\u20ac<\/td>\n<\/tr>\n<tr data-start=\"1663\" data-end=\"1721\">\n<td data-start=\"1663\" data-end=\"1701\" data-col-size=\"sm\"><strong data-start=\"1665\" data-end=\"1690\">DJKB-Mitgliedsausweis<\/strong><\/td>\n<td data-col-size=\"sm\" data-start=\"1701\" data-end=\"1721\">12\u202f\u20ac<\/td>\n<\/tr>\n<\/tbody>\n<\/table>\n<\/div>\n<\/div>\n<\/div>\n<\/div>\n<\/div>\n<\/div>\n<p>[\/vc_column_text][vc_separator css=&#8220;&#8220;][\/vc_column][\/vc_row][vc_row][vc_column][vc_column_text css=&#8220;&#8220;]<\/p>\n<p data-start=\"1912\" data-end=\"1983\"><strong data-start=\"1988\" data-end=\"2049\">Interesse an einem Probetraining oder Fragen zum Beitrag?<\/strong><br data-start=\"2049\" data-end=\"2052\" \/>Schreib uns, komm vorbei oder ruf uns an \u2013 wir beraten dich gern pers\u00f6nlich!<\/p>\n<p>[\/vc_column_text][vc_btn title=&#8220;Kontakt aufnehmen&#8220; color=&#8220;danger&#8220; css=&#8220;&#8220; link=&#8220;url:https%3A%2F%2Findex.php%2Fcontacts%2F|title:Kontakt&#8220;][\/vc_column][\/vc_row]<\/p>\n<\/div>","protected":false},"excerpt":{"rendered":"<p>[vc_row][vc_column icons_position=&#8220;left&#8220;][vc_column_text css=&#8220;&#8220;] Mitglied werden \u2013 dein Weg beginnt hier Karate ist nicht nur ein Sport, sondern ein Weg \u2013 und wir freuen uns, dich dabei zu begleiten.Damit du wei\u00dft, was auf dich zukommt, findest du hier eine \u00dcbersicht \u00fcber unsere Beitragsstruktur: WERTE, DIE BLEIBEN! In deinem Beitrag enthalten sind: \u00a0Regelm\u00e4\u00dfiges und anspruchvolles Training durch erfahrene Trainer Gemeinschaft, Wertevermittlung und&hellip;<\/p>\n","protected":false},"author":2,"featured_media":0,"parent":0,"menu_order":0,"comment_status":"closed","ping_status":"closed","template":"","meta":{"footnotes":""},"class_list":["post-2471","page","type-page","status-publish","hentry"],"_links":{"self":[{"href":"https:\/\/karate-zentrum-pforzheim.de\/index.php\/wp-json\/wp\/v2\/pages\/2471","targetHints":{"allow":["GET"]}}],"collection":[{"href":"https:\/\/karate-zentrum-pforzheim.de\/index.php\/wp-json\/wp\/v2\/pages"}],"about":[{"href":"https:\/\/karate-zentrum-pforzheim.de\/index.php\/wp-json\/wp\/v2\/types\/page"}],"author":[{"embeddable":true,"href":"https:\/\/karate-zentrum-pforzheim.de\/index.php\/wp-json\/wp\/v2\/users\/2"}],"replies":[{"embeddable":true,"href":"https:\/\/karate-zentrum-pforzheim.de\/index.php\/wp-json\/wp\/v2\/comments?post=2471"}],"version-history":[{"count":26,"href":"https:\/\/karate-zentrum-pforzheim.de\/index.php\/wp-json\/wp\/v2\/pages\/2471\/revisions"}],"predecessor-version":[{"id":3511,"href":"https:\/\/karate-zentrum-pforzheim.de\/index.php\/wp-json\/wp\/v2\/pages\/2471\/revisions\/3511"}],"wp:attachment":[{"href":"https:\/\/karate-zentrum-pforzheim.de\/index.php\/wp-json\/wp\/v2\/media?parent=2471"}],"curies":[{"name":"wp","href":"https:\/\/api.w.org\/{rel}","templated":true}]}}