{"id":3155,"date":"2025-07-15T15:58:36","date_gmt":"2025-07-15T13:58:36","guid":{"rendered":"http:\/\/localhost:8888\/wordpress\/?page_id=3155"},"modified":"2025-10-08T14:11:14","modified_gmt":"2025-10-08T12:11:14","slug":"faq","status":"publish","type":"page","link":"https:\/\/karate-zentrum-pforzheim.de\/index.php\/faq\/","title":{"rendered":"FAQ"},"content":{"rendered":"<div class=\"wpb-content-wrapper\"><p>[vc_section][vc_row][vc_column][vc_column_text css=&#8220;&#8220;]<\/p>\n<h3 style=\"text-align: center;\">FAQ<\/h3>\n<div class=\"wp-block-group\">\n<div class=\"wp-block-group__inner-container is-layout-flow wp-block-group-is-layout-flow\">\n<div class=\"wp-block-group\">\n<div class=\"wp-block-group__inner-container is-layout-flow wp-block-group-is-layout-flow\">\n<p style=\"text-align: center;\">Du m\u00f6chtest mit Karate beginnen, aber hast noch ein paar Fragen?<br \/>\nWir haben hier ein paar \u201etypische\u201c Fragen zusammengestellt.<br \/>\nVielleicht findest du hier schon eine Antwort.<br \/>\n<strong>Ansonsten geben wir gerne Ausk\u00fcnfte:<\/strong><br \/>\nRuf an, schreib eine E-Mail \u2013 oder komm einfach direkt bei uns<br \/>\nim Trainingszentrum, unserem Dojo, vorbei.<\/p>\n<\/div>\n<\/div>\n<\/div>\n<\/div>\n<p>[\/vc_column_text][vc_separator css=&#8220;&#8220;][\/vc_column][\/vc_row][vc_row][vc_column width=&#8220;1\/4&#8243;][\/vc_column][vc_column width=&#8220;1\/2&#8243; scheme=&#8220;dark&#8220;][vc_column_text css=&#8220;&#8220; scheme=&#8220;dark&#8220;]<strong>In welchem Alter kann man mit Karate beginnen?<br \/>\n<\/strong>F\u00fcr Kinder startet Karate ab ca. 5 Jahren. Der Einstieg ist aber f\u00fcr alle bis ins hohe Alter (Rentenalter) m\u00f6glich.[\/vc_column_text][\/vc_column][vc_column width=&#8220;1\/4&#8243;][\/vc_column][\/vc_row][vc_row][vc_column][vc_empty_space hide_on_mobile=&#8220;&#8220;][\/vc_column][\/vc_row][\/vc_section][vc_row][vc_column width=&#8220;1\/4&#8243;][\/vc_column][vc_column width=&#8220;1\/2&#8243; scheme=&#8220;dark&#8220;][vc_column_text css=&#8220;&#8220; scheme=&#8220;dark&#8220;]<strong>Um welche Zeit sind die Anf\u00e4ngertrainings?<br \/>\n<\/strong>Das h\u00e4ngt vom Alter des Anf\u00e4ngers ab. Die Trainingszeiten f\u00fcr die verschiedenen Altersstufen finden sich auf der Seite \u201e<a href=\"\/dbader\/index.php\/schedule\/\">Trainingszeiten<\/a>\u201c.[\/vc_column_text][\/vc_column][vc_column width=&#8220;1\/4&#8243;][\/vc_column][\/vc_row][vc_row][vc_column][vc_empty_space hide_on_mobile=&#8220;&#8220;][\/vc_column][\/vc_row][vc_row][vc_column width=&#8220;1\/4&#8243;][\/vc_column][vc_column width=&#8220;1\/2&#8243; scheme=&#8220;dark&#8220;][vc_column_text css=&#8220;&#8220; scheme=&#8220;dark&#8220;]<strong>In welchem Alter kann man mit Karate beginnen?<br \/>\n<\/strong>F\u00fcr Kinder startet Karate ab ca. 5 Jahren. Der Einstieg ist aber f\u00fcr alle bis ins hohe Alter (Rentenalter) m\u00f6glich.[\/vc_column_text][\/vc_column][vc_column width=&#8220;1\/4&#8243;][\/vc_column][\/vc_row][vc_row][vc_column][vc_empty_space hide_on_mobile=&#8220;&#8220;][\/vc_column][\/vc_row][vc_row][vc_column width=&#8220;1\/4&#8243;][\/vc_column][vc_column width=&#8220;1\/2&#8243; scheme=&#8220;dark&#8220;][vc_column_text css=&#8220;&#8220; scheme=&#8220;dark&#8220;]<strong>Wieso sind die Trainingszeiten f\u00fcr erwachsene Anf\u00e4nger so sp\u00e4t?<br \/>\n<\/strong>Weil die g\u00fcnstigen Trainingszeiten f\u00fcr die alle anderen Mitglieder genutzt werden. Die ung\u00fcnstigen Trainingszeiten gelten also nur, solange Du Anf\u00e4nger bist, und das sollte nach 2 bis 3 Monaten \u00fcberstanden sein. Da musst Du durch![\/vc_column_text][\/vc_column][vc_column width=&#8220;1\/4&#8243;][\/vc_column][\/vc_row][vc_row][vc_column][vc_empty_space hide_on_mobile=&#8220;&#8220;][\/vc_column][\/vc_row][vc_row][vc_column width=&#8220;1\/4&#8243;][\/vc_column][vc_column width=&#8220;1\/2&#8243; scheme=&#8220;dark&#8220;][vc_column_text css=&#8220;&#8220; scheme=&#8220;dark&#8220;]<strong>Muss ich mich zu einem Anf\u00e4ngertraining anmelden?<br \/>\n<\/strong>Eigentlich nicht. Es empfiehlt sich aber sich vor dem ersten Trainingsbesuch unter der Telefonnummer 0172-7657939 <strong>(Sensei Enwe Ferizi)<\/strong> zu informieren, ob das Training sattfindet oder aus irgendeinem Grund ausf\u00e4llt.[\/vc_column_text][\/vc_column][vc_column width=&#8220;1\/4&#8243;][\/vc_column][\/vc_row][vc_row][vc_column][vc_empty_space hide_on_mobile=&#8220;&#8220;][\/vc_column][\/vc_row][vc_row][vc_column width=&#8220;1\/4&#8243;][\/vc_column][vc_column width=&#8220;1\/2&#8243; scheme=&#8220;dark&#8220;][vc_column_text css=&#8220;&#8220; scheme=&#8220;dark&#8220;]<strong>Brauche ich schon zum ersten Anf\u00e4ngertraining einen Karateanzug?<br \/>\n<\/strong>Nein. F\u00fcr die ersten Trainings reicht normale Sportkleidung (T-Shirt, Jogging-Hose oder kurze Hose). Sportschuhe brauchst Du nicht, das Karate-Training findet immer barfu\u00df statt.[\/vc_column_text][\/vc_column][vc_column width=&#8220;1\/4&#8243;][\/vc_column][\/vc_row][vc_row][vc_column][vc_empty_space hide_on_mobile=&#8220;&#8220;][\/vc_column][\/vc_row][vc_row][vc_column width=&#8220;1\/4&#8243;][\/vc_column][vc_column width=&#8220;1\/2&#8243; scheme=&#8220;dark&#8220;][vc_column_text css=&#8220;&#8220; scheme=&#8220;dark&#8220;]<strong>Kann ich nach dem Training duschen?<br \/>\n<\/strong>Ja. Das Karate-Zentrum hat Umkleiden &amp; Duschen.[\/vc_column_text][\/vc_column][vc_column width=&#8220;1\/4&#8243;][\/vc_column][\/vc_row][vc_row][vc_column][vc_empty_space hide_on_mobile=&#8220;&#8220;][\/vc_column][\/vc_row][vc_row][vc_column width=&#8220;1\/4&#8243;][\/vc_column][vc_column width=&#8220;1\/2&#8243; scheme=&#8220;dark&#8220;][vc_column_text css=&#8220;&#8220; scheme=&#8220;dark&#8220;]<strong>Ab wann muss ich etwas bezahlen?<br \/>\n<\/strong>Die ersten zwei bis drei Trainings sind kostenlos (Schnuppertrainings). Wenn Du danach weitermachen m\u00f6chtest, solltest Du Mitglied im Karate-Zentrum Pforzheim werden. Dadurch hast Du auch Versicherungsschutz. Als Mitglied im Karate-Zentrum Pforzheim bekommst Du einen Mitgliedsausweis, in dem Deine bestandenen G\u00fcrtelpr\u00fcfungen eingetragen werden. Du ben\u00f6tigst ihn auch zur Teilnahme an Verbandslehrg\u00e4ngen.[\/vc_column_text][\/vc_column][vc_column width=&#8220;1\/4&#8243;][\/vc_column][\/vc_row][vc_row][vc_column][vc_empty_space hide_on_mobile=&#8220;&#8220;][\/vc_column][\/vc_row][vc_row][vc_column width=&#8220;1\/4&#8243;][\/vc_column][vc_column width=&#8220;1\/2&#8243; scheme=&#8220;dark&#8220;][vc_column_text css=&#8220;&#8220; scheme=&#8220;dark&#8220;]<strong>Ab wann brauche ich einen Karateanzug?<br \/>\n<\/strong>Wenn Du Dich entschlossen hast, Karate weiter zu betreiben und Mitglied im Karate-Zentrum Pforzheim geworden bist, ist es auch an der Zeit, sich einen Karateanzug zuzulegen. Damit kannst Du Dir aber auch noch etwas Zeit lassen.[\/vc_column_text][\/vc_column][vc_column width=&#8220;1\/4&#8243;][\/vc_column][\/vc_row][vc_row][vc_column][vc_empty_space hide_on_mobile=&#8220;&#8220;][\/vc_column][\/vc_row][vc_row][vc_column width=&#8220;1\/4&#8243;][\/vc_column][vc_column width=&#8220;1\/2&#8243; scheme=&#8220;dark&#8220;][vc_column_text css=&#8220;&#8220; scheme=&#8220;dark&#8220;]<strong>Welchen Karate-Stil lerne ich beim Karate-Zentrum Pforzheim?<br \/>\n<\/strong>Den Shotokan-Stil. Das Karate-Zentrum lehrt traditionelles Karate der Japan Karate Assoziation (JKA). Das Karate-Zentrum Pforzheim ist Mitglied im Deutschen JKA (DJKB).[\/vc_column_text][\/vc_column][vc_column width=&#8220;1\/4&#8243;][\/vc_column][\/vc_row][vc_row][vc_column][vc_empty_space hide_on_mobile=&#8220;&#8220;][\/vc_column][\/vc_row][vc_row][vc_column width=&#8220;1\/4&#8243;][\/vc_column][vc_column width=&#8220;1\/2&#8243; scheme=&#8220;dark&#8220;][vc_column_text css=&#8220;&#8220; scheme=&#8220;dark&#8220;]<strong>Was passiert im Anf\u00e4ngertraining?<br \/>\n<\/strong>Es wird an Deinen k\u00f6rperlichen Voraussetzungen (Beweglichkeit, Kraft, Fitness) f\u00fcr Karate gearbeitet. Dann lernst Du nat\u00fcrlich die ersten Karate-Techniken und auch ihre japanischen Bezeichnungen. Au\u00dferdem lernst Du (mindestens) eine Kata (festgelegte Schrittfolge), die f\u00fcr Deine erste G\u00fcrtelpr\u00fcfung erforderlich ist.[\/vc_column_text][\/vc_column][vc_column width=&#8220;1\/4&#8243;][\/vc_column][\/vc_row][vc_row][vc_column][vc_empty_space hide_on_mobile=&#8220;&#8220;][\/vc_column][\/vc_row][vc_row][vc_column width=&#8220;1\/4&#8243;][\/vc_column][vc_column width=&#8220;1\/2&#8243; scheme=&#8220;dark&#8220;][vc_column_text css=&#8220;&#8220; scheme=&#8220;dark&#8220;]<strong>Wie lange bin ich Anf\u00e4nger?<br \/>\n<\/strong>Das h\u00e4ngt nat\u00fcrlich von Deinen k\u00f6rperlichen Voraussetzungen und Deinem Talent ab. \u00dcblich sind 2 bis 3 Monate. Dies setzt aber regelm\u00e4\u00dfiges Training voraus, am besten zweimal pro Woche, aber mindestens einmal pro Woche im Schnitt. Jedes Quartal finden normalerweise G\u00fcrtelpr\u00fcfungen statt, an denen Du deine erste G\u00fcrtelpr\u00fcfung zum Gelbgurt ablegen kannst. Mit Gelbgurt bist Du kein Anf\u00e4nger mehr.[\/vc_column_text][\/vc_column][vc_column width=&#8220;1\/4&#8243;][\/vc_column][\/vc_row][vc_row][vc_column][vc_empty_space hide_on_mobile=&#8220;&#8220;][\/vc_column][\/vc_row][vc_row][vc_column width=&#8220;1\/4&#8243;][\/vc_column][vc_column width=&#8220;1\/2&#8243; scheme=&#8220;dark&#8220;][vc_column_text css=&#8220;&#8220; scheme=&#8220;dark&#8220;]<strong>Wo bekomme ich einen Karateanzug her?<br \/>\n<\/strong>Das Karate-Zentrum verkauft Karate-Anz\u00fcge zu g\u00fcnstigen Preisen in allen Gr\u00f6\u00dfen. Du kannst aber auch gerne einen Karate-Anzug in einem Sportgesch\u00e4ft oder im Internet kaufen.[\/vc_column_text][\/vc_column][vc_column width=&#8220;1\/4&#8243;][\/vc_column][\/vc_row][vc_row][vc_column][vc_empty_space hide_on_mobile=&#8220;&#8220;][\/vc_column][\/vc_row][vc_row][vc_column width=&#8220;1\/4&#8243;][\/vc_column][vc_column width=&#8220;1\/2&#8243; scheme=&#8220;dark&#8220;][vc_column_text css=&#8220;&#8220; scheme=&#8220;dark&#8220;]<strong>Ich habe noch weitere Fragen, an wen kann ich mich wenden?<br \/>\n<\/strong>Unsere Kontaktdaten findest Du auf der Seite <strong>\u201e<a href=\"\/dbader\/index.php\/contacts\/\">Kontakt<\/a>&#8222;<\/strong>. Du kannst aber gerne auch zu unseren Trainingszeiten im Dojo vorbeikommen, dort kannst du beim Training zusehen und findest immer einen Ansprechpartner, der dir gerne weiter hilft.[\/vc_column_text][\/vc_column][vc_column width=&#8220;1\/4&#8243;][\/vc_column][\/vc_row]<\/p>\n<\/div>","protected":false},"excerpt":{"rendered":"<p>[vc_section][vc_row][vc_column][vc_column_text css=&#8220;&#8220;] FAQ Du m\u00f6chtest mit Karate beginnen, aber hast noch ein paar Fragen? Wir haben hier ein paar \u201etypische\u201c Fragen zusammengestellt. Vielleicht findest du hier schon eine Antwort. Ansonsten geben wir gerne Ausk\u00fcnfte: Ruf an, schreib eine E-Mail \u2013 oder komm einfach direkt bei uns im Trainingszentrum, unserem Dojo, vorbei. [\/vc_column_text][vc_separator css=&#8220;&#8220;][\/vc_column][\/vc_row][vc_row][vc_column width=&#8220;1\/4&#8243;][\/vc_column][vc_column width=&#8220;1\/2&#8243; scheme=&#8220;dark&#8220;][vc_column_text css=&#8220;&#8220; scheme=&#8220;dark&#8220;]In welchem Alter&hellip;<\/p>\n","protected":false},"author":2,"featured_media":0,"parent":0,"menu_order":0,"comment_status":"closed","ping_status":"closed","template":"","meta":{"footnotes":""},"class_list":["post-3155","page","type-page","status-publish","hentry"],"_links":{"self":[{"href":"https:\/\/karate-zentrum-pforzheim.de\/index.php\/wp-json\/wp\/v2\/pages\/3155","targetHints":{"allow":["GET"]}}],"collection":[{"href":"https:\/\/karate-zentrum-pforzheim.de\/index.php\/wp-json\/wp\/v2\/pages"}],"about":[{"href":"https:\/\/karate-zentrum-pforzheim.de\/index.php\/wp-json\/wp\/v2\/types\/page"}],"author":[{"embeddable":true,"href":"https:\/\/karate-zentrum-pforzheim.de\/index.php\/wp-json\/wp\/v2\/users\/2"}],"replies":[{"embeddable":true,"href":"https:\/\/karate-zentrum-pforzheim.de\/index.php\/wp-json\/wp\/v2\/comments?post=3155"}],"version-history":[{"count":25,"href":"https:\/\/karate-zentrum-pforzheim.de\/index.php\/wp-json\/wp\/v2\/pages\/3155\/revisions"}],"predecessor-version":[{"id":3410,"href":"https:\/\/karate-zentrum-pforzheim.de\/index.php\/wp-json\/wp\/v2\/pages\/3155\/revisions\/3410"}],"wp:attachment":[{"href":"https:\/\/karate-zentrum-pforzheim.de\/index.php\/wp-json\/wp\/v2\/media?parent=3155"}],"curies":[{"name":"wp","href":"https:\/\/api.w.org\/{rel}","templated":true}]}}